{"id":6,"date":"2023-03-01T21:29:38","date_gmt":"2023-03-01T20:29:38","guid":{"rendered":"https:\/\/tijafa.jafamatinik.mq\/plateforme\/?page_id=6"},"modified":"2025-02-03T15:27:07","modified_gmt":"2025-02-03T14:27:07","slug":"accueil","status":"publish","type":"page","link":"https:\/\/tijafa.jafamatinik.mq\/plateforme\/","title":{"rendered":"<em><strong>La promenade de Ti-JaFa<\/strong><\/em>"},"content":{"rendered":"\n<p><em><strong>Pr\u00e9sentation de la mallette p\u00e9dagogique \u00ab&nbsp;La promenade de Ti-JaFa&nbsp;\u00bb \u00e0 destination des publics scolaires.<\/strong><\/em><\/p>\n\n\n\n<p class=\"has-contrast-2-color has-text-color\"><\/p>\n\n\n\n<div class=\"wp-block-columns is-layout-flex wp-container-core-columns-is-layout-9d6595d7 wp-block-columns-is-layout-flex\">\n<div class=\"wp-block-column is-layout-flow wp-block-column-is-layout-flow\">\n<p class=\"has-contrast-2-color has-text-color\">Le changement de comportement que doit induire notre relation \u00e0 la pollution en Martinique est l\u2019affaire de tous et pour encore de nombreuses g\u00e9n\u00e9rations \u00e0 venir. C\u2019est en partant de ce postulat que la mallette p\u00e9dagogique \u00ab&nbsp;La promenade de Ti-JaFa&nbsp;\u00bb a \u00e9t\u00e9 cr\u00e9\u00e9e.<\/p>\n\n\n\n<p class=\"has-contrast-2-color has-text-color\">Dans un premier temps, pour sensibiliser les enfants \u00e0 la probl\u00e9matique de la chlord\u00e9cone. Et dans un deuxi\u00e8me temps, qu\u2019ils deviennent relais de l\u2019information aupr\u00e8s des adultes qui les entourent.<\/p>\n<\/div>\n<\/div>\n\n\n\n<figure class=\"wp-block-image size-large is-resized\"><img loading=\"lazy\" decoding=\"async\" width=\"1024\" height=\"663\" src=\"https:\/\/tijafa.jafamatinik.mq\/plateforme\/wp-content\/uploads\/2025\/01\/image01-1024x663.jpg\" alt=\"\" class=\"wp-image-1381\" style=\"width:1100px;height:auto\" srcset=\"https:\/\/tijafa.jafamatinik.mq\/plateforme\/wp-content\/uploads\/2025\/01\/image01-1024x663.jpg 1024w, https:\/\/tijafa.jafamatinik.mq\/plateforme\/wp-content\/uploads\/2025\/01\/image01-300x194.jpg 300w, https:\/\/tijafa.jafamatinik.mq\/plateforme\/wp-content\/uploads\/2025\/01\/image01-768x497.jpg 768w, https:\/\/tijafa.jafamatinik.mq\/plateforme\/wp-content\/uploads\/2025\/01\/image01.jpg 1500w\" sizes=\"auto, (max-width: 1024px) 100vw, 1024px\" \/><\/figure>\n\n\n\n<p><\/p>\n\n\n\n<p class=\"has-contrast-2-color has-text-color\">Par ailleurs, gr\u00e2ce \u00e0 la mallette p\u00e9dagogique \u00ab La Promenade de Ti-JaFa \u00bb, les comp\u00e9tences psychosociales (CPS), telles que les comp\u00e9tences socio-comportementales ou les comp\u00e9tences \u00e0 s\u2019orienter, seront mobilis\u00e9es, r\u00e9pondant ainsi \u00e0 l\u2019instruction interminist\u00e9rielle\u00b9 2022-2037 du 19 ao\u00fbt 2022. En effet, celle-ci a pour objectif de permettre \u00e0 tous les enfants de d\u00e9velopper leurs comp\u00e9tences psychosociales d\u00e8s le plus jeune \u00e2ge, pendant toute leur croissance et dans tous les milieux.<\/p>\n\n\n\n<p><\/p>\n\n\n\n<p class=\"has-contrast-2-color has-text-color\">Dans le contenu de la mallette p\u00e9dagogique, vous retrouverez :<\/p>\n\n\n\n<p class=\"has-contrast-2-color has-text-color\">&#8211;&nbsp;<a href=\"https:\/\/tijafa.jafamatinik.mq\/plateforme\/jeu-de-plateau-la-promenade-de-ti-jafa\/\" data-type=\"link\" data-id=\"https:\/\/tijafa.jafamatinik.mq\/plateforme\/jeu-de-plateau-la-promenade-de-ti-jafa\/\">Une boite de jeu de plateau sous forme de parcours &#8211; collecte avec questions&nbsp;<\/a><\/p>\n\n\n\n<p class=\"has-contrast-2-color has-text-color\">&#8211;&nbsp;<a href=\"https:\/\/tijafa.jafamatinik.mq\/plateforme\/jeu-numerique\/\">Un jeu num\u00e9rique<\/a><\/p>\n\n\n\n<p class=\"has-contrast-2-color has-text-color\">&#8211;&nbsp;<a href=\"https:\/\/tijafa.jafamatinik.mq\/plateforme\/fiches-pedagogiques\/\" data-type=\"link\" data-id=\"https:\/\/tijafa.jafamatinik.mq\/plateforme\/fiches-pedagogiques\/\">Des fiches p\u00e9dagogiques<\/a><\/p>\n\n\n\n<p class=\"has-contrast-2-color has-text-color\">&#8211; <a href=\"https:\/\/tijafa.jafamatinik.mq\/plateforme\/module-de-formation-0\/\" data-type=\"page\" data-id=\"311\">Module de formation<\/a><\/p>\n\n\n\n<div class=\"wp-block-columns is-layout-flex wp-container-core-columns-is-layout-9d6595d7 wp-block-columns-is-layout-flex\">\n<div class=\"wp-block-column is-layout-flow wp-block-column-is-layout-flow\"><\/div>\n<\/div>\n\n\n\n<p style=\"font-size:14px\">\u00b9Instruction interminist\u00e9rielle : <a href=\"https:\/\/www.federationaddiction.fr\/wp-content\/uploads\/2022\/10\/cps.pdf\">https:\/\/www.federationaddiction.fr\/wp-content\/uploads\/2022\/10\/cps.pdf<\/a><\/p>\n\n\n\n<p><\/p>\n\n\n\n<figure class=\"wp-block-gallery has-nested-images columns-default is-cropped wp-block-gallery-1 is-layout-flex wp-block-gallery-is-layout-flex\"><\/figure>\n","protected":false},"excerpt":{"rendered":"<p>Pr\u00e9sentation de la mallette p\u00e9dagogique \u00ab&nbsp;La promenade de Ti-JaFa&nbsp;\u00bb \u00e0 destination des publics scolaires. Le changement de comportement que doit induire notre relation \u00e0 la pollution en Martinique est l\u2019affaire de tous et pour encore de nombreuses g\u00e9n\u00e9rations \u00e0 venir. C\u2019est en partant de ce postulat que la mallette p\u00e9dagogique \u00ab&nbsp;La promenade de Ti-JaFa&nbsp;\u00bb a &#8230; <a title=\"La promenade de Ti-JaFa\" class=\"read-more\" href=\"https:\/\/tijafa.jafamatinik.mq\/plateforme\/\" aria-label=\"En savoir plus sur La promenade de Ti-JaFa\">Lire la suite<\/a><\/p>\n","protected":false},"author":1,"featured_media":0,"parent":0,"menu_order":0,"comment_status":"closed","ping_status":"closed","template":"","meta":{"footnotes":""},"class_list":["post-6","page","type-page","status-publish"],"_links":{"self":[{"href":"https:\/\/tijafa.jafamatinik.mq\/plateforme\/wp-json\/wp\/v2\/pages\/6","targetHints":{"allow":["GET"]}}],"collection":[{"href":"https:\/\/tijafa.jafamatinik.mq\/plateforme\/wp-json\/wp\/v2\/pages"}],"about":[{"href":"https:\/\/tijafa.jafamatinik.mq\/plateforme\/wp-json\/wp\/v2\/types\/page"}],"author":[{"embeddable":true,"href":"https:\/\/tijafa.jafamatinik.mq\/plateforme\/wp-json\/wp\/v2\/users\/1"}],"replies":[{"embeddable":true,"href":"https:\/\/tijafa.jafamatinik.mq\/plateforme\/wp-json\/wp\/v2\/comments?post=6"}],"version-history":[{"count":41,"href":"https:\/\/tijafa.jafamatinik.mq\/plateforme\/wp-json\/wp\/v2\/pages\/6\/revisions"}],"predecessor-version":[{"id":1451,"href":"https:\/\/tijafa.jafamatinik.mq\/plateforme\/wp-json\/wp\/v2\/pages\/6\/revisions\/1451"}],"wp:attachment":[{"href":"https:\/\/tijafa.jafamatinik.mq\/plateforme\/wp-json\/wp\/v2\/media?parent=6"}],"curies":[{"name":"wp","href":"https:\/\/api.w.org\/{rel}","templated":true}]}}

<p><em><strong>Présentation de la mallette pédagogique «&nbsp;La promenade de Ti-JaFa&nbsp;» à destination des publics scolaires.</strong></em></p>



<p class="has-contrast-2-color has-text-color"></p>



<div class="wp-block-columns is-layout-flex wp-container-core-columns-is-layout-9d6595d7 wp-block-columns-is-layout-flex">
<div class="wp-block-column is-layout-flow wp-block-column-is-layout-flow">
<p class="has-contrast-2-color has-text-color">Le changement de comportement que doit induire notre relation à la pollution en Martinique est l’affaire de tous et pour encore de nombreuses générations à venir. C’est en partant de ce postulat que la mallette pédagogique «&nbsp;La promenade de Ti-JaFa&nbsp;» a été créée.</p>



<p class="has-contrast-2-color has-text-color">Dans un premier temps, pour sensibiliser les enfants à la problématique de la chlordécone. Et dans un deuxième temps, qu’ils deviennent relais de l’information auprès des adultes qui les entourent.</p>
</div>
</div>



<figure class="wp-block-image size-large is-resized"><img loading="lazy" decoding="async" width="1024" height="663" src="https://tijafa.jafamatinik.mq/plateforme/wp-content/uploads/2025/01/image01-1024x663.jpg" alt="" class="wp-image-1381" style="width:1100px;height:auto" srcset="https://tijafa.jafamatinik.mq/plateforme/wp-content/uploads/2025/01/image01-1024x663.jpg 1024w, https://tijafa.jafamatinik.mq/plateforme/wp-content/uploads/2025/01/image01-300x194.jpg 300w, https://tijafa.jafamatinik.mq/plateforme/wp-content/uploads/2025/01/image01-768x497.jpg 768w, https://tijafa.jafamatinik.mq/plateforme/wp-content/uploads/2025/01/image01.jpg 1500w" sizes="auto, (max-width: 1024px) 100vw, 1024px" /></figure>



<p></p>



<p class="has-contrast-2-color has-text-color">Par ailleurs, grâce à la mallette pédagogique « La Promenade de Ti-JaFa », les compétences psychosociales (CPS), telles que les compétences socio-comportementales ou les compétences à s’orienter, seront mobilisées, répondant ainsi à l’instruction interministérielle¹ 2022-2037 du 19 août 2022. En effet, celle-ci a pour objectif de permettre à tous les enfants de développer leurs compétences psychosociales dès le plus jeune âge, pendant toute leur croissance et dans tous les milieux.</p>



<p></p>



<p class="has-contrast-2-color has-text-color">Dans le contenu de la mallette pédagogique, vous retrouverez :</p>



<p class="has-contrast-2-color has-text-color">&#8211;&nbsp;<a href="https://tijafa.jafamatinik.mq/plateforme/jeu-de-plateau-la-promenade-de-ti-jafa/" data-type="link" data-id="https://tijafa.jafamatinik.mq/plateforme/jeu-de-plateau-la-promenade-de-ti-jafa/">Une boite de jeu de plateau sous forme de parcours &#8211; collecte avec questions&nbsp;</a></p>



<p class="has-contrast-2-color has-text-color">&#8211;&nbsp;<a href="https://tijafa.jafamatinik.mq/plateforme/jeu-numerique/">Un jeu numérique</a></p>



<p class="has-contrast-2-color has-text-color">&#8211;&nbsp;<a href="https://tijafa.jafamatinik.mq/plateforme/fiches-pedagogiques/" data-type="link" data-id="https://tijafa.jafamatinik.mq/plateforme/fiches-pedagogiques/">Des fiches pédagogiques</a></p>



<p class="has-contrast-2-color has-text-color">&#8211; <a href="https://tijafa.jafamatinik.mq/plateforme/module-de-formation-0/" data-type="page" data-id="311">Module de formation</a></p>



<div class="wp-block-columns is-layout-flex wp-container-core-columns-is-layout-9d6595d7 wp-block-columns-is-layout-flex">
<div class="wp-block-column is-layout-flow wp-block-column-is-layout-flow"></div>
</div>



<p style="font-size:14px">¹Instruction interministérielle : <a href="https://www.federationaddiction.fr/wp-content/uploads/2022/10/cps.pdf">https://www.federationaddiction.fr/wp-content/uploads/2022/10/cps.pdf</a></p>



<p></p>



<figure class="wp-block-gallery has-nested-images columns-default is-cropped wp-block-gallery-1 is-layout-flex wp-block-gallery-is-layout-flex"></figure>

<p>Présentation de la mallette pédagogique «&nbsp;La promenade de Ti-JaFa&nbsp;» à destination des publics scolaires. Le changement de comportement que doit induire notre relation à la pollution en Martinique est l’affaire de tous et pour encore de nombreuses générations à venir. C’est en partant de ce postulat que la mallette pédagogique «&nbsp;La promenade de Ti-JaFa&nbsp;» a &#8230; <a title="La promenade de Ti-JaFa" class="read-more" href="https://tijafa.jafamatinik.mq/plateforme/" aria-label="En savoir plus sur La promenade de Ti-JaFa">Lire la suite</a></p>
