{"id":556,"date":"2024-09-30T18:30:55","date_gmt":"2024-09-30T16:30:55","guid":{"rendered":"https:\/\/tijafa.jafamatinik.mq\/plateforme\/?page_id=556"},"modified":"2025-02-18T15:35:49","modified_gmt":"2025-02-18T14:35:49","slug":"les-ressources-pour-se-former-que-sait-on","status":"publish","type":"page","link":"https:\/\/tijafa.jafamatinik.mq\/plateforme\/les-ressources-pour-se-former-que-sait-on\/","title":{"rendered":"Les ressources\u00a0compl\u00e9mentaires \u00a0"},"content":{"rendered":"\n<div class=\"wp-block-buttons is-content-justification-center is-layout-flex wp-container-core-buttons-is-layout-16018d1d wp-block-buttons-is-layout-flex\">\n<div class=\"wp-block-button\"><a class=\"wp-block-button__link has-text-color has-background has-link-color wp-element-button\" href=\"https:\/\/tijafa.jafamatinik.mq\/plateforme\/module-de-formation-3\/\" style=\"color:#69727d;background-color:#fabb2a\"><strong>Contexte<\/strong><\/a><\/div>\n\n\n\n<div class=\"wp-block-button\"><a class=\"wp-block-button__link has-text-color has-background has-link-color wp-element-button\" href=\"https:\/\/tijafa.jafamatinik.mq\/plateforme\/module-de-formation-4\/\" style=\"color:#69727d;background-color:#fabb2a\"><strong><strong>Objectifs<\/strong> <\/strong><\/a><\/div>\n\n\n\n<div class=\"wp-block-button\"><a class=\"wp-block-button__link has-text-color has-background has-link-color wp-element-button\" href=\"https:\/\/tijafa.jafamatinik.mq\/plateforme\/module-de-formation-5\/\" style=\"color:#69727d;background-color:#fabb2a\"><strong><strong>EDD<\/strong><\/strong><\/a><\/div>\n\n\n\n<div class=\"wp-block-button\"><a class=\"wp-block-button__link has-text-color has-background has-link-color wp-element-button\" href=\"https:\/\/tijafa.jafamatinik.mq\/plateforme\/integrer-le-jeu-en-classe\/\" style=\"color:#69727d;background-color:#fabb2a\"><strong><strong>Ludop\u00e9dagogie<\/strong><\/strong><\/a><\/div>\n\n\n\n<div class=\"wp-block-button\"><a class=\"wp-block-button__link has-text-color has-background has-link-color wp-element-button\" href=\"https:\/\/tijafa.jafamatinik.mq\/plateforme\/le-jeu-de-plateau\/\" style=\"color:#69727d;background-color:#fabb2a\"><strong>Jeu de plateau<\/strong><\/a><\/div>\n\n\n\n<div class=\"wp-block-button\"><a class=\"wp-block-button__link has-text-color has-background has-link-color wp-element-button\" href=\"https:\/\/tijafa.jafamatinik.mq\/plateforme\/le-jeu-numerique\/\" style=\"color:#69727d;background-color:#fabb2a\"><strong>Jeu num\u00e9rique<\/strong><\/a><\/div>\n\n\n\n<div class=\"wp-block-button\"><a class=\"wp-block-button__link has-text-color has-background has-link-color wp-element-button\" href=\"https:\/\/tijafa.jafamatinik.mq\/plateforme\/les-ressources-pour-se-former-que-sait-on\/\" style=\"color:#69727d;background-color:#fabb2a\"><strong><strong>Ressources<\/strong><\/strong><\/a><\/div>\n\n\n\n<div class=\"wp-block-button\"><a class=\"wp-block-button__link has-text-color has-background has-link-color wp-element-button\" href=\"https:\/\/tijafa.jafamatinik.mq\/plateforme\/conclusion\/\" style=\"color:#69727d;background-color:#fabb2a\"><strong><strong>Conclusion<\/strong><\/strong><\/a><\/div>\n<\/div>\n\n\n\n<hr class=\"wp-block-separator has-text-color has-alpha-channel-opacity has-background\" style=\"background-color:#fabb2a;color:#fabb2a\"\/>\n\n\n\n<p>Pour terminer cette derni\u00e8re section de la formation, nous allons explorer les ressources compl\u00e9mentaires mises \u00e0 votre disposition dans la mallette, que vous pouvez utiliser pour vous former ou inclure dans vos s\u00e9quences p\u00e9dagogiques. D&rsquo;ailleurs, vous avez peut-\u00eatre pu en apercevoir quelques-unes durant le parcours !<\/p>\n\n\n\n<h3 class=\"wp-block-heading has-text-color has-link-color wp-elements-19b0415b947c7dd2a320b172ea194fa8\" style=\"color:#ff4e00\">Les ressources pour former \/ se former : que sait-on ?<\/h3>\n\n\n\n<p>Sur la page \u00ab\u00a0<a href=\"https:\/\/tijafa.jafamatinik.mq\/plateforme\/ressources\/\">Ressources<\/a>\u00a0\u00bb de ce site (en haut \u00e0 droite du menu), vous trouverez :<\/p>\n\n\n\n<ul class=\"wp-block-list\">\n<li>Des vid\u00e9os courtes tir\u00e9es du Web documentaire du Plan Chlord\u00e9cone&nbsp;<\/li>\n\n\n\n<li>Des vid\u00e9os humoristiques JaFa Matinik, en Cr\u00e9ole<\/li>\n\n\n\n<li>Des audios : Spots radio JaFa<\/li>\n\n\n\n<li>Des documents PDF <\/li>\n<\/ul>\n\n\n\n<p><\/p>\n\n\n\n<p>Pour vous motiver \u00e0 cliquer et explorer les diff\u00e9rentes ressources, voici un petit aper\u00e7u ci-dessous :<\/p>\n\n\n\n<div class=\"wp-block-columns is-layout-flex wp-container-core-columns-is-layout-9d6595d7 wp-block-columns-is-layout-flex\">\n<div class=\"wp-block-column is-layout-flow wp-block-column-is-layout-flow\">\n<figure class=\"wp-block-embed is-type-video is-provider-youtube wp-block-embed-youtube wp-embed-aspect-16-9 wp-has-aspect-ratio\"><div class=\"wp-block-embed__wrapper\">\n<iframe loading=\"lazy\" title=\"La chlord\u00e9cone, la mer, la p\u00eache et l&#039;aquaculture\" width=\"1200\" height=\"675\" src=\"https:\/\/www.youtube.com\/embed\/cYhFGhiuolY?start=155&#038;feature=oembed\" frameborder=\"0\" allow=\"accelerometer; autoplay; clipboard-write; encrypted-media; gyroscope; picture-in-picture; web-share\" referrerpolicy=\"strict-origin-when-cross-origin\" allowfullscreen><\/iframe>\n<\/div><figcaption class=\"wp-element-caption\"><strong>Web documentaire du Plan Chlord\u00e9cone<\/strong>&nbsp; : La chlord\u00e9cone, la mer, la p\u00eache et l\u2019aquaculture<br><\/figcaption><\/figure>\n<\/div>\n\n\n\n<div class=\"wp-block-column is-layout-flow wp-block-column-is-layout-flow\">\n<figure class=\"wp-block-embed is-type-video is-provider-youtube wp-block-embed-youtube wp-embed-aspect-16-9 wp-has-aspect-ratio\"><div class=\"wp-block-embed__wrapper\">\n<iframe loading=\"lazy\" title=\"EDWA KA FE JE\" width=\"1200\" height=\"675\" src=\"https:\/\/www.youtube.com\/embed\/idWACZaFqzM?start=22&#038;feature=oembed\" frameborder=\"0\" allow=\"accelerometer; autoplay; clipboard-write; encrypted-media; gyroscope; picture-in-picture; web-share\" referrerpolicy=\"strict-origin-when-cross-origin\" allowfullscreen><\/iframe>\n<\/div><figcaption class=\"wp-element-caption\"><strong>JaFa Matinik<\/strong> : Edwa ka fe j\u00e9&nbsp;<br><br><\/figcaption><\/figure>\n<\/div>\n<\/div>\n\n\n\n<figure class=\"wp-block-audio\"><audio controls src=\"https:\/\/tijafa.jafamatinik.mq\/plateforme\/wp-content\/uploads\/2024\/04\/Comment-la-chlordecone-est-elle-transportee-vers-la-mer.mp3\"><\/audio><\/figure>\n\n\n\n<p><strong>Spots radio JaFa : <\/strong>Comment la chlord\u00e9cone est-elle transport\u00e9e vers la mer ?<\/p>\n\n\n\n<div class=\"wp-block-columns is-layout-flex wp-container-core-columns-is-layout-9d6595d7 wp-block-columns-is-layout-flex\">\n<div class=\"wp-block-column is-layout-flow wp-block-column-is-layout-flow\"><\/div>\n<\/div>\n\n\n\n<h3 class=\"wp-block-heading has-text-color has-link-color wp-elements-b7ea3fc788576e043221285111fe3482\" style=\"color:#ff4e00\">Fiches p\u00e9dagogiques<\/h3>\n\n\n\n<p>Dans le menu \u00ab\u00a0<a href=\"https:\/\/tijafa.jafamatinik.mq\/plateforme\/fiches-pedagogiques\/\">Fiches p\u00e9dagogiques<\/a>\u00a0\u00bb vous allez trouver des fiches p\u00e9dagogiques cr\u00e9\u00e9es par des enseignants pour aborder le sujet de la chlord\u00e9cone. Ci-dessous, l&rsquo;extrait qui nous int\u00e9resse.<\/p>\n\n\n\n<div data-wp-interactive=\"core\/file\" class=\"wp-block-file\"><object data-wp-bind--hidden=\"!state.hasPdfPreview\" hidden class=\"wp-block-file__embed\" data=\"https:\/\/tijafa.jafamatinik.mq\/plateforme\/wp-content\/uploads\/2025\/02\/Fiches-pedagogiques-3.pdf\" type=\"application\/pdf\" style=\"width:100%;height:600px\" aria-label=\"Contenu embarqu\u00e9 Fiches p\u00e9dagogiques.\"><\/object><a id=\"wp-block-file--media-74416c74-c6ed-4c81-b708-fc61cd49850b\" href=\"https:\/\/tijafa.jafamatinik.mq\/plateforme\/wp-content\/uploads\/2025\/02\/Fiches-pedagogiques-3.pdf\">Fiches p\u00e9dagogiques<\/a><a href=\"https:\/\/tijafa.jafamatinik.mq\/plateforme\/wp-content\/uploads\/2025\/02\/Fiches-pedagogiques-3.pdf\" class=\"wp-block-file__button wp-element-button\" download aria-describedby=\"wp-block-file--media-74416c74-c6ed-4c81-b708-fc61cd49850b\">T\u00e9l\u00e9charger<\/a><\/div>\n\n\n\n<hr class=\"wp-block-separator has-text-color has-alpha-channel-opacity has-background\" style=\"background-color:#fabb2a;color:#fabb2a\"\/>\n\n\n\n<div class=\"wp-block-columns has-background is-layout-flex wp-container-core-columns-is-layout-9d6595d7 wp-block-columns-is-layout-flex\" style=\"background-color:#fff0a69c\">\n<div class=\"wp-block-column is-layout-flow wp-block-column-is-layout-flow\">\n<p><img loading=\"lazy\" decoding=\"async\" width=\"60\" height=\"56\" class=\"wp-image-876\" style=\"width: 60px;\" src=\"https:\/\/tijafa.jafamatinik.mq\/plateforme\/wp-content\/uploads\/2024\/11\/livre-ecritures.png\" alt=\"\">&nbsp;Explorez les ressources compl\u00e9mentaires que nous venons de vous pr\u00e9senter. Notez celles qui vous int\u00e9ressent pour enrichir votre s\u00e9quence :<\/p>\n\n\n\n<ul class=\"wp-block-list\">\n<li>Quelles ressources gardez-vous&nbsp;?<\/li>\n\n\n\n<li>Quelles modifications souhaitez-vous apporter ?<\/li>\n<\/ul>\n<\/div>\n<\/div>\n\n\n\n<hr class=\"wp-block-separator has-text-color has-alpha-channel-opacity has-background\" style=\"background-color:#fabb2a;color:#fabb2a\"\/>\n\n\n\n<div class=\"wp-block-columns is-layout-flex wp-container-core-columns-is-layout-9d6595d7 wp-block-columns-is-layout-flex\">\n<div class=\"wp-block-column is-layout-flow wp-block-column-is-layout-flow\"><\/div>\n\n\n\n<div class=\"wp-block-column is-layout-flow wp-block-column-is-layout-flow\"><\/div>\n<\/div>\n\n\n\n<div class=\"wp-block-buttons is-content-justification-space-between is-layout-flex wp-container-core-buttons-is-layout-3d213aab wp-block-buttons-is-layout-flex\">\n<div class=\"wp-block-button is-style-fill\"><a class=\"wp-block-button__link has-text-color has-background has-link-color wp-element-button\" href=\"https:\/\/tijafa.jafamatinik.mq\/plateforme\/le-jeu-numerique\/\" style=\"border-radius:11px;color:#69727d;background-color:#fabb2a\"><strong>Pr\u00e9c\u00e9dent<\/strong><\/a><\/div>\n\n\n\n<div class=\"wp-block-button is-style-fill\"><a class=\"wp-block-button__link has-text-color has-background has-link-color wp-element-button\" href=\"https:\/\/tijafa.jafamatinik.mq\/plateforme\/conclusion\/\" style=\"border-radius:11px;color:#69727d;background-color:#fabb2a\"><strong>Suivant<\/strong><\/a><\/div>\n<\/div>\n\n\n\n<p><\/p>\n","protected":false},"excerpt":{"rendered":"<p>Pour terminer cette derni\u00e8re section de la formation, nous allons explorer les ressources compl\u00e9mentaires mises \u00e0 votre disposition dans la mallette, que vous pouvez utiliser pour vous former ou inclure dans vos s\u00e9quences p\u00e9dagogiques. D&rsquo;ailleurs, vous avez peut-\u00eatre pu en apercevoir quelques-unes durant le parcours ! Les ressources pour former \/ se former : que &#8230; <a title=\"Les ressources\u00a0compl\u00e9mentaires \u00a0\" class=\"read-more\" href=\"https:\/\/tijafa.jafamatinik.mq\/plateforme\/les-ressources-pour-se-former-que-sait-on\/\" aria-label=\"En savoir plus sur Les ressources\u00a0compl\u00e9mentaires \u00a0\">Lire la suite<\/a><\/p>\n","protected":false},"author":1,"featured_media":0,"parent":0,"menu_order":0,"comment_status":"closed","ping_status":"closed","template":"","meta":{"footnotes":""},"class_list":["post-556","page","type-page","status-publish"],"_links":{"self":[{"href":"https:\/\/tijafa.jafamatinik.mq\/plateforme\/wp-json\/wp\/v2\/pages\/556","targetHints":{"allow":["GET"]}}],"collection":[{"href":"https:\/\/tijafa.jafamatinik.mq\/plateforme\/wp-json\/wp\/v2\/pages"}],"about":[{"href":"https:\/\/tijafa.jafamatinik.mq\/plateforme\/wp-json\/wp\/v2\/types\/page"}],"author":[{"embeddable":true,"href":"https:\/\/tijafa.jafamatinik.mq\/plateforme\/wp-json\/wp\/v2\/users\/1"}],"replies":[{"embeddable":true,"href":"https:\/\/tijafa.jafamatinik.mq\/plateforme\/wp-json\/wp\/v2\/comments?post=556"}],"version-history":[{"count":63,"href":"https:\/\/tijafa.jafamatinik.mq\/plateforme\/wp-json\/wp\/v2\/pages\/556\/revisions"}],"predecessor-version":[{"id":1456,"href":"https:\/\/tijafa.jafamatinik.mq\/plateforme\/wp-json\/wp\/v2\/pages\/556\/revisions\/1456"}],"wp:attachment":[{"href":"https:\/\/tijafa.jafamatinik.mq\/plateforme\/wp-json\/wp\/v2\/media?parent=556"}],"curies":[{"name":"wp","href":"https:\/\/api.w.org\/{rel}","templated":true}]}}