{"id":552,"date":"2024-09-30T18:28:58","date_gmt":"2024-09-30T16:28:58","guid":{"rendered":"https:\/\/tijafa.jafamatinik.mq\/plateforme\/?page_id=552"},"modified":"2025-02-03T14:56:40","modified_gmt":"2025-02-03T13:56:40","slug":"le-jeu-numerique","status":"publish","type":"page","link":"https:\/\/tijafa.jafamatinik.mq\/plateforme\/le-jeu-numerique\/","title":{"rendered":"Le jeu num\u00e9rique"},"content":{"rendered":"\n<div class=\"wp-block-buttons is-content-justification-center is-layout-flex wp-container-core-buttons-is-layout-16018d1d wp-block-buttons-is-layout-flex\">\n<div class=\"wp-block-button\"><a class=\"wp-block-button__link has-text-color has-background has-link-color wp-element-button\" href=\"https:\/\/tijafa.jafamatinik.mq\/plateforme\/module-de-formation-3\/\" style=\"color:#69727d;background-color:#fabb2a\"><strong>Contexte<\/strong><\/a><\/div>\n\n\n\n<div class=\"wp-block-button\"><a class=\"wp-block-button__link has-text-color has-background has-link-color wp-element-button\" href=\"https:\/\/tijafa.jafamatinik.mq\/plateforme\/module-de-formation-4\/\" style=\"color:#69727d;background-color:#fabb2a\"><strong><strong>Objectifs<\/strong> <\/strong><\/a><\/div>\n\n\n\n<div class=\"wp-block-button\"><a class=\"wp-block-button__link has-text-color has-background has-link-color wp-element-button\" href=\"https:\/\/tijafa.jafamatinik.mq\/plateforme\/module-de-formation-5\/\" style=\"color:#69727d;background-color:#fabb2a\"><strong><strong>EDD<\/strong><\/strong><\/a><\/div>\n\n\n\n<div class=\"wp-block-button\"><a class=\"wp-block-button__link has-text-color has-background has-link-color wp-element-button\" href=\"https:\/\/tijafa.jafamatinik.mq\/plateforme\/integrer-le-jeu-en-classe\/\" style=\"color:#69727d;background-color:#fabb2a\"><strong><strong>Ludop\u00e9dagogie<\/strong><\/strong><\/a><\/div>\n\n\n\n<div class=\"wp-block-button\"><a class=\"wp-block-button__link has-text-color has-background has-link-color wp-element-button\" href=\"https:\/\/tijafa.jafamatinik.mq\/plateforme\/le-jeu-de-plateau\/\" style=\"color:#69727d;background-color:#fabb2a\"><strong>Jeu de plateau<\/strong><\/a><\/div>\n\n\n\n<div class=\"wp-block-button\"><a class=\"wp-block-button__link has-text-color has-background has-link-color wp-element-button\" href=\"https:\/\/tijafa.jafamatinik.mq\/plateforme\/le-jeu-numerique\/\" style=\"color:#69727d;background-color:#fabb2a\"><strong>Jeu num\u00e9rique<\/strong><\/a><\/div>\n\n\n\n<div class=\"wp-block-button\"><a class=\"wp-block-button__link has-text-color has-background has-link-color wp-element-button\" href=\"https:\/\/tijafa.jafamatinik.mq\/plateforme\/les-ressources-pour-se-former-que-sait-on\/\" style=\"color:#69727d;background-color:#fabb2a\"><strong><strong>Ressources<\/strong><\/strong><\/a><\/div>\n\n\n\n<div class=\"wp-block-button\"><a class=\"wp-block-button__link has-text-color has-background has-link-color wp-element-button\" href=\"https:\/\/tijafa.jafamatinik.mq\/plateforme\/conclusion\/\" style=\"color:#69727d;background-color:#fabb2a\"><strong><strong>Conclusion<\/strong><\/strong><\/a><\/div>\n<\/div>\n\n\n\n<hr class=\"wp-block-separator has-text-color has-alpha-channel-opacity has-background\" style=\"background-color:#fabb2a;color:#fabb2a\"\/>\n\n\n\n<p>Comme le nom de la rubrique l&rsquo;indique, un jeu num\u00e9rique est \u00e9galement propos\u00e9 \u00e0 jouer sur tablette ou ordinateur ! Ici, nous allons expliquer les r\u00e8gles, revenir sur la notion essentielle qui sous-tend ce jeu et, bien s\u00fbr, l&rsquo;exp\u00e9rimenter tout en nous projetant dans son utilisation en classe.<\/p>\n\n\n\n<h3 class=\"wp-block-heading has-text-color has-link-color wp-elements-69b122d1508a38d2bfd1f8998f42a1eb\" style=\"color:#ff4e00\">R\u00e8gles<\/h3>\n\n\n\n<p>Le jeu num\u00e9rique propos\u00e9 est sous forme de \u00ab glisser-d\u00e9poser \u00bb. Son objectif est de classer les productions v\u00e9g\u00e9tales et animales selon leur sensibilit\u00e9 \u00e0 la chlord\u00e9cone. Il peut se jouer seul ou en petit groupe. <\/p>\n\n\n\n<p>Le\/les joueurs doivent placer les diff\u00e9rents l\u00e9gumes dans la bonne zone de sensibilit\u00e9\u202f: production sensible (rouge), interm\u00e9diaire (orange), peu sensible (vert).&nbsp;Si vous n&rsquo;\u00eates pas familier avec la notion de \u00ab\u00a0sensibilit\u00e9 des produits \u00e0 la chlord\u00e9cone\u00a0\u00bb, pas d&rsquo;inqui\u00e9tude, nous l&rsquo;expliquons ci-dessous. <\/p>\n\n\n\n<p>Deux niveaux de difficult\u00e9 sont disponibles : <\/p>\n\n\n\n<ul class=\"wp-block-list\">\n<li>le niveau 1 : <strong>sans<\/strong> points de p\u00e9nalit\u00e9 pour les mauvaises r\u00e9ponses<\/li>\n\n\n\n<li>le niveau 2 : <strong>avec<\/strong> points de p\u00e9nalit\u00e9 pour les mauvaises r\u00e9ponses<\/li>\n<\/ul>\n\n\n\n<p><\/p>\n\n\n\n<p><\/p>\n\n\n\n<hr class=\"wp-block-separator has-text-color has-alpha-channel-opacity has-background\" style=\"background-color:#fabb2a;color:#fabb2a\"\/>\n\n\n\n<div class=\"wp-block-columns has-background is-layout-flex wp-container-core-columns-is-layout-9d6595d7 wp-block-columns-is-layout-flex\" style=\"background-color:#cfffa659\">\n<div class=\"wp-block-column is-layout-flow wp-block-column-is-layout-flow\">\n<p><img loading=\"lazy\" decoding=\"async\" width=\"50\" height=\"46\" class=\"wp-image-872\" style=\"width: 50px;\" src=\"https:\/\/tijafa.jafamatinik.mq\/plateforme\/wp-content\/uploads\/2024\/11\/loupe.png\" alt=\"\"> <strong>Apports de connaissances : la sensibilit\u00e9 des produits<\/strong><\/p>\n\n\n\n<p>Pour d\u00e9buter, \u00e9coutez le <strong>spot radio JaFa<\/strong> <em>\u00ab\u00a0Quels sont les v\u00e9g\u00e9taux qui peuvent \u00eatre contamin\u00e9s par la chlord\u00e9cone ?\u00a0\u00bb<\/em> ci-dessous :<\/p>\n\n\n\n<div class=\"wp-block-columns is-layout-flex wp-container-core-columns-is-layout-9d6595d7 wp-block-columns-is-layout-flex\">\n<div class=\"wp-block-column is-layout-flow wp-block-column-is-layout-flow\" style=\"flex-basis:66.66%\">\n<figure class=\"wp-block-audio\"><audio controls src=\"https:\/\/tijafa.jafamatinik.mq\/plateforme\/wp-content\/uploads\/2024\/04\/Quels-sont-les-vegetaux-qui-peuvent-etre-contamines-par-la-chlordecone.mp3\"><\/audio><\/figure>\n<\/div>\n\n\n\n<div class=\"wp-block-column is-layout-flow wp-block-column-is-layout-flow\" style=\"flex-basis:33.33%\"><\/div>\n<\/div>\n\n\n\n<p>\u00c0 partir d&rsquo;un certain seuil de chlord\u00e9cone dans le sol, la mol\u00e9cule contamine certaines cultures alimentaires sensibles. Environ 30 % des sols cultiv\u00e9s et 6 % de l&rsquo;ensemble du territoire martiniquais ne sont pas adapt\u00e9s \u00e0 la production des v\u00e9g\u00e9taux les plus sensibles.<\/p>\n\n\n\n<div class=\"wp-block-columns is-layout-flex wp-container-core-columns-is-layout-9d6595d7 wp-block-columns-is-layout-flex\">\n<div class=\"wp-block-column is-layout-flow wp-block-column-is-layout-flow\" style=\"flex-basis:66.66%\">\n<p>Les produits v\u00e9g\u00e9taux sont class\u00e9s en trois cat\u00e9gories de sensibilit\u00e9 \u00e0 la chlord\u00e9cone :<\/p>\n\n\n\n<ul class=\"wp-block-list\">\n<li><strong>V\u00e9g\u00e9taux peu sensibles<\/strong> : fruits, issus majoritairement des arbres (agrumes, goyaves), solanac\u00e9es (tomate, aubergine), bananier, christophine, chou, gombo et ananas.<\/li>\n\n\n\n<li><strong>V\u00e9g\u00e9taux moyennement sensibles<\/strong> (qui peuvent \u00eatre contamin\u00e9s dans des sols tr\u00e8s pollu\u00e9s) : cives, canne \u00e0 sucre, laitues et cucurbitac\u00e9es (giraumon, courgette, concombre, past\u00e8que).<\/li>\n\n\n\n<li><strong>V\u00e9g\u00e9taux sensibles<\/strong> : racines et tubercules (patate douce, igname, dachine, carotte, navet, etc.).<\/li>\n<\/ul>\n<\/div>\n\n\n\n<div class=\"wp-block-column is-layout-flow wp-block-column-is-layout-flow\" style=\"flex-basis:33.33%\">\n<figure class=\"wp-block-image size-full\"><img loading=\"lazy\" decoding=\"async\" width=\"847\" height=\"411\" src=\"https:\/\/tijafa.jafamatinik.mq\/plateforme\/wp-content\/uploads\/2024\/11\/image-1.png\" alt=\"\" class=\"wp-image-753\" srcset=\"https:\/\/tijafa.jafamatinik.mq\/plateforme\/wp-content\/uploads\/2024\/11\/image-1.png 847w, https:\/\/tijafa.jafamatinik.mq\/plateforme\/wp-content\/uploads\/2024\/11\/image-1-300x146.png 300w, https:\/\/tijafa.jafamatinik.mq\/plateforme\/wp-content\/uploads\/2024\/11\/image-1-768x373.png 768w\" sizes=\"auto, (max-width: 847px) 100vw, 847px\" \/><\/figure>\n<\/div>\n<\/div>\n\n\n\n<p>Sources : <em><a href=\"https:\/\/www.calameo.com\/read\/005549545ee3c0a26ed30\">Chlord\u00e9cone, conna\u00eetre pour agir \u2013 Point de situation 2023 en Martinique<\/a><\/em> et <a href=\"https:\/\/www.youtube.com\/watch?v=vsqlnK_06kw\">La chlord\u00e9cone et l&rsquo;agriculture<\/a><a href=\"https:\/\/www.youtube.com\/@contactplanchloredecone387\"><\/a><\/p>\n<\/div>\n<\/div>\n\n\n\n<hr class=\"wp-block-separator has-text-color has-alpha-channel-opacity has-background\" style=\"background-color:#fabb2a;color:#fabb2a\"\/>\n\n\n\n<h3 class=\"wp-block-heading has-text-color has-link-color wp-elements-ae64da03106434a4a94ba32ebc3e01fb\" style=\"color:#ff4e00\">\u00c0 vous de jouer !<\/h3>\n\n\n\n<p>Cliquez sur \u00ab\u00a0Jouer\u00a0\u00bb et choisissez votre niveau de difficult\u00e9&nbsp;<\/p>\n\n\n\n<iframe loading=\"lazy\"\r\n  src=\"https:\/\/tijafa.jafamatinik.mq\/tijafajeu\/intro11beta.html\"\r\n  width=\"960\"\r\n  height=\"640\"\r\n  frameborder=\"0\"\r\noverflow=\"hidden\"\r\n  allowfullscreen\r\n\r\n  <p>\r\n    <a href=\"https:\/\/tijafa.jafamatinik.mq\/tijafajeu\/intro11beta.html\">\r\n      Lien de repli pour les navigateurs ne prenant pas en charge iframe\r\n    <\/a>\r\n  <\/p>\r\n<\/iframe>\n\n\n\n<hr class=\"wp-block-separator has-text-color has-alpha-channel-opacity has-background\" style=\"background-color:#fabb2a;color:#fabb2a\"\/>\n\n\n\n<div class=\"wp-block-columns has-background is-layout-flex wp-container-core-columns-is-layout-9d6595d7 wp-block-columns-is-layout-flex\" style=\"background-color:#fff0a69c\">\n<div class=\"wp-block-column is-layout-flow wp-block-column-is-layout-flow\">\n<p><strong><img loading=\"lazy\" decoding=\"async\" width=\"60\" height=\"56\" class=\"wp-image-876\" style=\"width: 60px;\" src=\"https:\/\/tijafa.jafamatinik.mq\/plateforme\/wp-content\/uploads\/2024\/11\/livre-ecritures.png\" alt=\"\">&nbsp; Apr\u00e8s avoir test\u00e9 le jeu num\u00e9rique :<\/strong><\/p>\n\n\n\n<ol class=\"wp-block-list\">\n<li>Notez vos impressions et id\u00e9es.<\/li>\n\n\n\n<li>Vous projetez-vous \u00e0 l&rsquo;utiliser en classe ? Si oui, de quelle mani\u00e8re ? Percevez-vous une compl\u00e9mentarit\u00e9 avec le jeu de plateau ?<\/li>\n\n\n\n<li>Cliquez sur le menu d\u00e9roulant ci-dessous pour lire des propositions de pistes p\u00e9dagogiques et compl\u00e9ter vos notes si cela vous inspire ou vous donne de nouvelles id\u00e9es.<\/li>\n<\/ol>\n\n\n\n<p>     <code><div class=\"h5p-iframe-wrapper\"><iframe id=\"h5p-iframe-13\" class=\"h5p-iframe\" data-content-id=\"13\" style=\"height:1px\" src=\"about:blank\" frameBorder=\"0\" scrolling=\"no\" title=\"Pistes p\u00e9dagogiques\"><\/iframe><\/div><\/code><\/p>\n<\/div>\n<\/div>\n\n\n\n<hr class=\"wp-block-separator has-text-color has-alpha-channel-opacity has-background\" style=\"background-color:#fabb2a;color:#fabb2a\"\/>\n\n\n\n<div class=\"wp-block-columns is-layout-flex wp-container-core-columns-is-layout-9d6595d7 wp-block-columns-is-layout-flex\">\n<div class=\"wp-block-column is-layout-flow wp-block-column-is-layout-flow\"><\/div>\n\n\n\n<div class=\"wp-block-column is-layout-flow wp-block-column-is-layout-flow\"><\/div>\n<\/div>\n\n\n\n<div class=\"wp-block-buttons is-content-justification-space-between is-layout-flex wp-container-core-buttons-is-layout-3d213aab wp-block-buttons-is-layout-flex\">\n<div class=\"wp-block-button is-style-fill\"><a class=\"wp-block-button__link has-text-color has-background has-link-color wp-element-button\" href=\"https:\/\/tijafa.jafamatinik.mq\/plateforme\/le-jeu-de-plateau\/\" style=\"border-radius:11px;color:#69727d;background-color:#fabb2a\"><strong>Pr\u00e9c\u00e9dent<\/strong><\/a><\/div>\n\n\n\n<div class=\"wp-block-button is-style-fill\"><a class=\"wp-block-button__link has-text-color has-background has-link-color wp-element-button\" href=\"https:\/\/tijafa.jafamatinik.mq\/plateforme\/les-ressources-pour-se-former-que-sait-on\/\" style=\"border-radius:11px;color:#69727d;background-color:#fabb2a\"><strong>Suivant<\/strong><\/a><\/div>\n<\/div>\n\n\n\n<p><\/p>\n","protected":false},"excerpt":{"rendered":"<p>Comme le nom de la rubrique l&rsquo;indique, un jeu num\u00e9rique est \u00e9galement propos\u00e9 \u00e0 jouer sur tablette ou ordinateur ! Ici, nous allons expliquer les r\u00e8gles, revenir sur la notion essentielle qui sous-tend ce jeu et, bien s\u00fbr, l&rsquo;exp\u00e9rimenter tout en nous projetant dans son utilisation en classe. R\u00e8gles Le jeu num\u00e9rique propos\u00e9 est sous &#8230; <a title=\"Le jeu num\u00e9rique\" class=\"read-more\" href=\"https:\/\/tijafa.jafamatinik.mq\/plateforme\/le-jeu-numerique\/\" aria-label=\"En savoir plus sur Le jeu num\u00e9rique\">Lire la suite<\/a><\/p>\n","protected":false},"author":1,"featured_media":0,"parent":0,"menu_order":0,"comment_status":"closed","ping_status":"closed","template":"","meta":{"footnotes":""},"class_list":["post-552","page","type-page","status-publish"],"_links":{"self":[{"href":"https:\/\/tijafa.jafamatinik.mq\/plateforme\/wp-json\/wp\/v2\/pages\/552","targetHints":{"allow":["GET"]}}],"collection":[{"href":"https:\/\/tijafa.jafamatinik.mq\/plateforme\/wp-json\/wp\/v2\/pages"}],"about":[{"href":"https:\/\/tijafa.jafamatinik.mq\/plateforme\/wp-json\/wp\/v2\/types\/page"}],"author":[{"embeddable":true,"href":"https:\/\/tijafa.jafamatinik.mq\/plateforme\/wp-json\/wp\/v2\/users\/1"}],"replies":[{"embeddable":true,"href":"https:\/\/tijafa.jafamatinik.mq\/plateforme\/wp-json\/wp\/v2\/comments?post=552"}],"version-history":[{"count":50,"href":"https:\/\/tijafa.jafamatinik.mq\/plateforme\/wp-json\/wp\/v2\/pages\/552\/revisions"}],"predecessor-version":[{"id":1425,"href":"https:\/\/tijafa.jafamatinik.mq\/plateforme\/wp-json\/wp\/v2\/pages\/552\/revisions\/1425"}],"wp:attachment":[{"href":"https:\/\/tijafa.jafamatinik.mq\/plateforme\/wp-json\/wp\/v2\/media?parent=552"}],"curies":[{"name":"wp","href":"https:\/\/api.w.org\/{rel}","templated":true}]}}