{"id":320,"date":"2024-09-13T14:36:13","date_gmt":"2024-09-13T12:36:13","guid":{"rendered":"https:\/\/tijafa.jafamatinik.mq\/plateforme\/?page_id=320"},"modified":"2025-01-10T17:35:38","modified_gmt":"2025-01-10T16:35:38","slug":"module-de-formation-3","status":"publish","type":"page","link":"https:\/\/tijafa.jafamatinik.mq\/plateforme\/module-de-formation-3\/","title":{"rendered":"Contexte"},"content":{"rendered":"\n<div class=\"wp-block-buttons is-content-justification-center is-layout-flex wp-container-core-buttons-is-layout-16018d1d wp-block-buttons-is-layout-flex\">\n<div class=\"wp-block-button\"><a class=\"wp-block-button__link has-text-color has-background has-link-color wp-element-button\" href=\"https:\/\/tijafa.jafamatinik.mq\/plateforme\/module-de-formation-3\/\" style=\"color:#69727d;background-color:#fabb2a\"><strong>Contexte<\/strong><\/a><\/div>\n\n\n\n<div class=\"wp-block-button\"><a class=\"wp-block-button__link has-text-color has-background has-link-color wp-element-button\" href=\"https:\/\/tijafa.jafamatinik.mq\/plateforme\/module-de-formation-4\/\" style=\"color:#69727d;background-color:#fabb2a\"><strong><strong>Objectifs<\/strong> <\/strong><\/a><\/div>\n\n\n\n<div class=\"wp-block-button\"><a class=\"wp-block-button__link has-text-color has-background has-link-color wp-element-button\" href=\"https:\/\/tijafa.jafamatinik.mq\/plateforme\/module-de-formation-5\/\" style=\"color:#69727d;background-color:#fabb2a\"><strong><strong>EDD<\/strong><\/strong><\/a><\/div>\n\n\n\n<div class=\"wp-block-button\"><a class=\"wp-block-button__link has-text-color has-background has-link-color wp-element-button\" href=\"https:\/\/tijafa.jafamatinik.mq\/plateforme\/integrer-le-jeu-en-classe\/\" style=\"color:#69727d;background-color:#fabb2a\"><strong><strong>Ludop\u00e9dagogie<\/strong><\/strong><\/a><\/div>\n\n\n\n<div class=\"wp-block-button\"><a class=\"wp-block-button__link has-text-color has-background has-link-color wp-element-button\" href=\"https:\/\/tijafa.jafamatinik.mq\/plateforme\/le-jeu-de-plateau\/\" style=\"color:#69727d;background-color:#fabb2a\"><strong>Jeu de plateau<\/strong><\/a><\/div>\n\n\n\n<div class=\"wp-block-button\"><a class=\"wp-block-button__link has-text-color has-background has-link-color wp-element-button\" href=\"https:\/\/tijafa.jafamatinik.mq\/plateforme\/le-jeu-numerique\/\" style=\"color:#69727d;background-color:#fabb2a\"><strong>Jeu num\u00e9rique<\/strong><\/a><\/div>\n\n\n\n<div class=\"wp-block-button\"><a class=\"wp-block-button__link has-text-color has-background has-link-color wp-element-button\" href=\"https:\/\/tijafa.jafamatinik.mq\/plateforme\/les-ressources-pour-se-former-que-sait-on\/\" style=\"color:#69727d;background-color:#fabb2a\"><strong><strong>Ressources<\/strong><\/strong><\/a><\/div>\n\n\n\n<div class=\"wp-block-button\"><a class=\"wp-block-button__link has-text-color has-background has-link-color wp-element-button\" href=\"https:\/\/tijafa.jafamatinik.mq\/plateforme\/conclusion\/\" style=\"color:#69727d;background-color:#fabb2a\"><strong><strong>Conclusion<\/strong><\/strong><\/a><\/div>\n<\/div>\n\n\n\n<hr class=\"wp-block-separator has-text-color has-alpha-channel-opacity has-background\" style=\"background-color:#fabb2a;color:#fabb2a\"\/>\n\n\n\n<p><strong><em>Promotion Sant\u00e9 Martinique<\/em> <\/strong>(ancienne IREPS Martinique) met \u00e0 disposition cette mallette p\u00e9dagogique \u00e0 destination des scolaires pour les accompagner vers une meilleure compr\u00e9hension et adopter des comportements responsables. Elle illustre le programme JaFa (Programme des Jardins Familiaux) sur la pr\u00e9vention et l\u2019\u00e9ducation d\u2019une \u00e9l\u00e8ve, Kalysta, qui s\u2019adresse \u00e0 son grand-p\u00e8re.\u00a0<\/p>\n\n\n\n<p><\/p>\n\n\n\n<h3 class=\"wp-block-heading has-text-color has-link-color wp-elements-4303d2c43747dbe00cb74736387cf436\" style=\"color:#ff4e00\"><strong>Un outil p\u00e9dagogique pour sensibiliser \u00e0 la chlord\u00e9cone<\/strong><\/h3>\n\n\n\n<div class=\"wp-block-columns is-layout-flex wp-container-core-columns-is-layout-9d6595d7 wp-block-columns-is-layout-flex\">\n<div class=\"wp-block-column is-layout-flow wp-block-column-is-layout-flow\">\n<p><strong>Il s\u2019agit :<\/strong><\/p>\n\n\n\n<ul class=\"wp-block-list\">\n<li>D&rsquo;informer sur le pesticide : son historique et ses effets<\/li>\n\n\n\n<li>De sensibiliser les \u00e9l\u00e8ves sur les bonnes pratiques \u00e0 adopter<\/li>\n\n\n\n<li>Et de f\u00e9d\u00e9rer une communaut\u00e9 \u00e9co-responsable<\/li>\n<\/ul>\n<\/div>\n\n\n\n<div class=\"wp-block-column is-layout-flow wp-block-column-is-layout-flow\">\n<p><strong>Elle participe \u00e0 la mise en \u0153uvre d&rsquo;une politique d&rsquo;Education :<\/strong><\/p>\n\n\n\n<ul class=\"wp-block-list\">\n<li>\u00c0 la sant\u00e9<\/li>\n\n\n\n<li>Au d\u00e9veloppement durable<\/li>\n\n\n\n<li>Et plus largement \u00e0 la citoyennet\u00e9<\/li>\n<\/ul>\n<\/div>\n<\/div>\n\n\n\n<div class=\"wp-block-columns is-layout-flex wp-container-core-columns-is-layout-9d6595d7 wp-block-columns-is-layout-flex\">\n<div class=\"wp-block-column is-layout-flow wp-block-column-is-layout-flow\">\n<p><strong>La mallette p\u00e9dagogique contient :<\/strong><\/p>\n\n\n\n<ul class=\"wp-block-list\">\n<li>Une bo\u00eete de jeu de plateau sous forme de <em>parcours-collecte<\/em> avec questions&nbsp;&nbsp;<\/li>\n<\/ul>\n\n\n\n<ul class=\"wp-block-list\">\n<li>Un jeu num\u00e9rique&nbsp;&nbsp;<\/li>\n<\/ul>\n\n\n\n<ul class=\"wp-block-list\">\n<li>Des vid\u00e9os et podcasts pour former et se former<\/li>\n<\/ul>\n\n\n\n<ul class=\"wp-block-list\">\n<li>Un guide contenant des fiches p\u00e9dagogiques&nbsp;<\/li>\n<\/ul>\n\n\n\n<p><\/p>\n<\/div>\n\n\n\n<div class=\"wp-block-column is-layout-flow wp-block-column-is-layout-flow\">\n<figure class=\"wp-block-image size-full is-resized\"><img loading=\"lazy\" decoding=\"async\" width=\"1674\" height=\"1285\" src=\"https:\/\/tijafa.jafamatinik.mq\/plateforme\/wp-content\/uploads\/2024\/11\/4-elementsV2-1.jpg\" alt=\"\" class=\"wp-image-1209\" style=\"width:366px;height:auto\" srcset=\"https:\/\/tijafa.jafamatinik.mq\/plateforme\/wp-content\/uploads\/2024\/11\/4-elementsV2-1.jpg 1674w, https:\/\/tijafa.jafamatinik.mq\/plateforme\/wp-content\/uploads\/2024\/11\/4-elementsV2-1-300x230.jpg 300w, https:\/\/tijafa.jafamatinik.mq\/plateforme\/wp-content\/uploads\/2024\/11\/4-elementsV2-1-1024x786.jpg 1024w, https:\/\/tijafa.jafamatinik.mq\/plateforme\/wp-content\/uploads\/2024\/11\/4-elementsV2-1-768x590.jpg 768w, https:\/\/tijafa.jafamatinik.mq\/plateforme\/wp-content\/uploads\/2024\/11\/4-elementsV2-1-1536x1179.jpg 1536w\" sizes=\"auto, (max-width: 1674px) 100vw, 1674px\" \/><\/figure>\n<\/div>\n<\/div>\n\n\n\n<hr class=\"wp-block-separator has-text-color has-alpha-channel-opacity has-background\" style=\"background-color:#fabb2a;color:#fabb2a\"\/>\n\n\n\n<div class=\"wp-block-columns has-background is-layout-flex wp-container-core-columns-is-layout-9d6595d7 wp-block-columns-is-layout-flex\" style=\"background-color:#cfffa659\">\n<div class=\"wp-block-column is-layout-flow wp-block-column-is-layout-flow\">\n<p class=\"has-text-align-left\"><img loading=\"lazy\" decoding=\"async\" width=\"50\" height=\"46\" class=\"wp-image-872\" style=\"width: 50px;\" src=\"https:\/\/tijafa.jafamatinik.mq\/plateforme\/wp-content\/uploads\/2024\/11\/loupe.png\" alt=\"\"> <strong>Comprendre la chlord\u00e9cone<\/strong><\/p>\n\n\n\n<p>Vous pouvez visionner cette courte vid\u00e9o pour contextualiser l\u2019usage de la chlord\u00e9cone en Martinique et en mesurer les effets.<\/p>\n\n\n\n<p><code><div class=\"h5p-iframe-wrapper\"><iframe id=\"h5p-iframe-3\" class=\"h5p-iframe\" data-content-id=\"3\" style=\"height:1px\" src=\"about:blank\" frameBorder=\"0\" scrolling=\"no\" title=\"Comprendre la chlord\u00e9cone\"><\/iframe><\/div><\/code><\/p>\n<\/div>\n<\/div>\n\n\n\n<div class=\"wp-block-buttons is-content-justification-space-between is-layout-flex wp-container-core-buttons-is-layout-3d213aab wp-block-buttons-is-layout-flex\">\n<div class=\"wp-block-button is-style-fill\"><a class=\"wp-block-button__link has-text-color has-background has-link-color wp-element-button\" href=\"https:\/\/tijafa.jafamatinik.mq\/plateforme\/module-de-formation-0\/\" style=\"border-radius:11px;color:#69727d;background-color:#fabb2a\"><strong>Pr\u00e9c\u00e9dent<\/strong><\/a><\/div>\n\n\n\n<div class=\"wp-block-button is-style-fill\"><a class=\"wp-block-button__link has-text-color has-background has-link-color wp-element-button\" href=\"https:\/\/tijafa.jafamatinik.mq\/plateforme\/module-de-formation-4\/\" style=\"border-radius:11px;color:#69727d;background-color:#fabb2a\"><strong>Suivant<\/strong><\/a><\/div>\n<\/div>\n\n\n\n<p><\/p>\n","protected":false},"excerpt":{"rendered":"<p>Promotion Sant\u00e9 Martinique (ancienne IREPS Martinique) met \u00e0 disposition cette mallette p\u00e9dagogique \u00e0 destination des scolaires pour les accompagner vers une meilleure compr\u00e9hension et adopter des comportements responsables. Elle illustre le programme JaFa (Programme des Jardins Familiaux) sur la pr\u00e9vention et l\u2019\u00e9ducation d\u2019une \u00e9l\u00e8ve, Kalysta, qui s\u2019adresse \u00e0 son grand-p\u00e8re.\u00a0 Un outil p\u00e9dagogique pour sensibiliser &#8230; <a title=\"Contexte\" class=\"read-more\" href=\"https:\/\/tijafa.jafamatinik.mq\/plateforme\/module-de-formation-3\/\" aria-label=\"En savoir plus sur Contexte\">Lire la suite<\/a><\/p>\n","protected":false},"author":1,"featured_media":0,"parent":0,"menu_order":0,"comment_status":"closed","ping_status":"closed","template":"","meta":{"footnotes":""},"class_list":["post-320","page","type-page","status-publish"],"_links":{"self":[{"href":"https:\/\/tijafa.jafamatinik.mq\/plateforme\/wp-json\/wp\/v2\/pages\/320","targetHints":{"allow":["GET"]}}],"collection":[{"href":"https:\/\/tijafa.jafamatinik.mq\/plateforme\/wp-json\/wp\/v2\/pages"}],"about":[{"href":"https:\/\/tijafa.jafamatinik.mq\/plateforme\/wp-json\/wp\/v2\/types\/page"}],"author":[{"embeddable":true,"href":"https:\/\/tijafa.jafamatinik.mq\/plateforme\/wp-json\/wp\/v2\/users\/1"}],"replies":[{"embeddable":true,"href":"https:\/\/tijafa.jafamatinik.mq\/plateforme\/wp-json\/wp\/v2\/comments?post=320"}],"version-history":[{"count":89,"href":"https:\/\/tijafa.jafamatinik.mq\/plateforme\/wp-json\/wp\/v2\/pages\/320\/revisions"}],"predecessor-version":[{"id":1333,"href":"https:\/\/tijafa.jafamatinik.mq\/plateforme\/wp-json\/wp\/v2\/pages\/320\/revisions\/1333"}],"wp:attachment":[{"href":"https:\/\/tijafa.jafamatinik.mq\/plateforme\/wp-json\/wp\/v2\/media?parent=320"}],"curies":[{"name":"wp","href":"https:\/\/api.w.org\/{rel}","templated":true}]}}